alue of (6 + 14 - 6) + -1 + 2 + 1?
16
Evaluate (0 - -1) + (-18 + 35 + -16 - -3).
5
What is the value of 10 + 18 + -23 - (-11 + -1 - 1)?
18
(-4 - -19) + -15 + -1 + 1
0
-16 + (1 + 6 - (-5 - 1 - -8))
-11
What is the value of (-15 + 0 - (96 - 91)) + -11?
-31
Calculate -17 - -14 - (3 + (-3 - 7)).
4
6 - 0 - (3 - ((-3 - -9) + -1))
8
Evaluate 24 + 0 + 0 + -2 - (-2662 + 2663).
21
Evaluate -160 + 160 + 1 + -15 + -3.
-17
Evaluate -18 + 2 + -229 + 261.
16
1 - 16 - (25 + -110 + 39)
31
Evaluate -4 - (35 + -29) - 5.
-15
What is -5 + (7 + 3 + 14 - (-7 - 1))?
27
What is the value of -56 - -49 - (-23 + 4) - -15?
27
Evaluate (-38 - (20 + -72)) + -18.
-4
Evaluate -3 + (8 - 13) - (-2 + (4 - 26)).
16
Calculate -16 - -16 - -21 - 9.
12
Calculate 0 + -7 + -16 - -9.
-14
Evaluate -9 + 4 + -2 - (-72 - -65) - 17.
-17
What is the value of -45 - (12 + -27 + 15 + -16)?
-29
Evaluate (4 - (3 - -3)) + (80 - 99).
-21
Calculate 23 - (-10 + 12 + -2 + 9).
14
Calculate -29 - 0 - (-205 + 184).
-8
Calculate 0 + -1 + (30 - 38) - 3 - 0.
-12
Evaluate -1 - (11 + (8 - 17)) - (-12 + -2).
11
What is -11 - (-2 + -29 + 28 + (7 - 31))?
16
What is 215 - 206 - (-1 + -9)?
19
Calculate (-1 - -21) + (213 - 211).
22
What is (-4 - -9 - -4) + -5 - 7?
-3
What is (-3 - 10) + 22 + (-8 - 2)?
-1
(48 + -40 - 8) + (-2 - -3) + -2
-1
Evaluate 4 - (22 - (-10 + 18)).
-10
Calculate -7 + 7 + -4 + -1 - (-5 + 8).
-8
What is the value of 27 - 77 - (9 - 35)?
-24
-21 + -1 + 41 + -15
4
What is 14 + 1 - (-103 + 143)?
-25
What is the value of 8 + (-14 - -25 - (1 + (10 - 2)))?
10
Evaluate (-7 - -1) + (7 - (-5 + (19 - 11))).
-2
Evaluate -7 - -2 - (6 + (26 - 47)).
10
What is the value of -59 + 43 + (5 - -1 - 2) + 2?
-10
Evaluate 48 + -34 - -16 - 44.
-14
What is 9 + -9 + 10 - (-5 - -6 - -30)?
-21
Evaluate -1 - 27 - (23 - (-24 + 64)).
-11
-14 - -12 - (10 - (22 + -17))
-7
-15 - (12 - (29 - 1))
1
What is the value of -6 + 0 + -4 + 12 + -5?
-3
-33 - (12 + -29 - 5)
-11
(-31 - (25 + -31)) + 37
12
What is (3 - (-1 - 3)) + -26 - (-3 - 4)?
-12
What is the value of -20 - (-29 + 13 - -7)?
-11
Evaluate (2 - 8) + 1 + 11 - 3.
3
Evaluate -11 + 28 + (-23 - -21).
15
What is 10 - (-1 - ((0 - 5) + -4)) - 25?
-23
What is the value of (0 + (14 - 4) - 7) + -6?
-3
Evaluate 26 - ((13 - 8) + 11).
10
Evaluate -2 + (-8 - -20) - 13.
-3
Calculate 6 + ((1 - -8) + -4 - (1 + 3)).
7
What is (5 - (-1 - -7 - 3)) + 2?
4
What is the value of (3 - 2) + -56 + 70?
15
What is (-54 - -31) + (5 - (0 - (3 - 3)))?
-18
What is 12 - (11 - -5) - 9?
-13
What is the value of -17 - -13 - (0 - (-9 + 5 - -1))?
-7
8 + -3 + (12 - (-16 - -9))
24
Calculate 3 + -1 + -38 + 40 + -17.
-13
What is -9 - 6 - (-7 + (11 - 5))?
-14
Evaluate -2 + 1 + (6 + -9 - 6).
-10
What is -9 - (9 + (-11 + 6 - -2))?
-15
Calculate -3 + (5 - (-7 - (-12 - -6))) - 1.
2
What is the value of 0 - -5 - (6 - -3) - (11 + -23)?
8
What is the value of -89 - -89 - (-7 + 0)?
7
What is the value of (0 - -10) + 6 + 6 + -4 + -11?
7
19 + -1 + -9 + 5 - 42
-28
-205 - -203 - (-12 - 1)
11
What is the value of -15 + (0 - (9 + -52))?
28
What is -18 - (1 - 17 - (-17 + 20 + -11))?
-10
(-3 - (2 - 8)) + -20 + (51 - 48)
-14
Calculate -50 - -75 - (14 + 1 + -3).
13
-25 + ((-9 - -19) + -22 - -12)
-25
Calculate -44 - ((9 - (2 - (3 - 29))) + 8).
-33
What is 4 - 14 - (-5 - (-3 - (3 - -6)))?
-17
Calculate 2 + 13 + -6 + (0 - 21) + -2.
-14
-5 + 11 + -1 + 11 + (-7 - 0)
9
What is the value of -10 + 9 - ((16 - 7) + -24)?
14
What is the value of 11 - (6 + 1 - -6 - 8) - -3?
9
-17 + -1 - (-141 - -105)
18
Evaluate -6 - (-1 + 0 + (-32 - -42) - 6).
-9
Calculate 1 - 7 - (-3 + -31 - -7).
21
What is (-4 - (3 + -15)) + 4 + (0 - 6)?
6
What is the value of -25 + (-3 - ((-2 - 9) + -4))?
-13
What is ((-11 - 4) + -3 - 6) + (3 - 5)?
-26
Evaluate (24 - 25) + (3 - 0) + 11.
13
Evaluate -1 - 9 - (219 + -266).
37
What is 39 - 23 - (0 - -1)?
15
What is 19 + -11 + 2 - (0 - 6) - 3?
13
What is the value of -1 + -11 - (-30 - (-23 - -2))?
-3
What is the value of 8 - ((11 - 0) + 2)?
-5
Calculate 2 - (6 - -2) - (-38 + 33 - 22).
21
What is (3 - -2) + -4 + 2 + 7 + -1?
9
What is the value of -6 + 3 + -2 + 4 + 5 + -10?
-6
What is -11 - (-27 + -1 + 1)?
16
What is the value of -4 + 27 + (0 + 4 - 17) + 5?
15
What is the value of 17 - (1 - 17 - -16)?
17
6 + (-3 - 42) - -37
-2
What is (-18 - (14 + -17) - -4) + 17?
6
What is (4 - -8) + -18 + -3 + 22?
13
What is the value of 24 + ((-3 - 7) + 14 - (-1 - -11))?
18
Evaluate 2 + -9 + 4 + -3 + -1.
-7
Evaluate (13 - ((-7 - -4) + 2)) + -2.
12
What is the value of -10 - -1 - (1 - 4) - 1?
-7
What is the value of -8 - ((-3 - (14 - -4)) + 6)?
7
What is -3 + (8 - 5 - 10) - (-3 - -3)?
-10
What is -1 - -1 - ((8 - -9) + -7 + -8)?
-2
What is the value of (-11 - -6) + 2 - (5 + -5)?
-3
Calculate (14 - 16) + (-4 - 0) - (-20 - -4).
10
What is 2 + 17 + -5 + -41 + 9?
-18
-10 + 9 + 7 + -8 + 11 + 0
9
Calculate -16 - (13 + -6) - -11.
-12
Calculate 1 - -1 - ((16 - -1) + -16).
1
What is the value of -22 - 5 - (-20 - 5)?
-2
(-6 + -2 + 7 - -5) + -1 + 5
8
What is -16 + (4 - 5) + 8 + 9?
0
What is the value of -5 + (-7 - -3) - (-4 - 9)?
4
Calculate (7 + -14 - (-1 - 2) - -14) + -1.
9
Calculate -4 + (-1 - 0) + (-38 - -44) - 2.
-1
What is 6 + 3 + 3 + -9 + 0 - 4?
-1
4 + -10 + -2 + (3 - 1) + 9
3
-8 - (-18 - (-2 - -3 - 5))
6
What is (9 - 3) + (-15 - -19)?
10
What is the value of -7 + 3 + (-7 - -1) + -54 + 60?
-4
What is 21 - 20 - (-10 + 3 + -4)?
12
Calculate -1 + 7 - (22 - (4 - -19)) - -5.
12
26 + -20 - (59 - 89)
36
Evaluate 0 + 20 + (-17 + 1 - (7 + -18)).
15
(10 - (-5 + 6) - 6) + 11
14
14 + -2 + 2 + 1
15
What is the value of 8 + -4 + -5 + 5 + 6 - 0?
10
What is the value of 13 + -6 - 22 - -2 - -8?
-5
What is the value of -18 + (10 - -2) + (9 - 15)?
-12
What is the value of 3 + -31 + (6 - 11 - -15) + -8?
-26
What is the value of (2 + 0 - 3) + -17 - (-29 + 31)?
-20
-12 + (8 - 4) + 9 + 0
1
Evaluate (1 - 2) + (-4 - 12) + 7 + -1.
-11
3 - (-1 - 16) - (14 - 4)
10
Evaluate -1 + 10 + (-11 - -5 - 4 - -9).
8
What is -5 + (24 - 28) - 28?
-37
What is 0 + 9 - -3 - (-102 - -105)?
9
Evaluate -17 - -4 - (14 - 29).
2
Evaluate 10 - -1 - ((-57 - -32) + 51).
-15
(14 - 0) + -2 - 5
7
-1 + 6 + 11 + (52 - 58)
10
Calculate 1 - (-1 + 0 - 3) - (-149 + 147).
7
Evaluate -49 - (-25 + -26) - (14 - 1).
-11
What is the value of (-1 - -18) + 7 + 7 + -20?
11
Evaluate (11 - 13) + 3 + -12 - (5 - 13).
-3
-5 + -11 + 9 + 1 + 1
-5
Evaluate (-42 - -39) + (2 + -3 - -1) + 5.
2
-18 - (10 + (-21 - (-3 + 0 + 3)))
-7
Evaluate -8 + -1 + 0 - (-9 + -13).
13
-73 + 87 + -7 + 0
7
Calculate -7 - 1 - (-30 - -26) - 3 - 1.
-8
Evaluate 5 + (0 - 3 - (-14 + (-3 - -15))).
4
What is the value of -48 - ((10 - -23) + -61)?
-20
Evaluate -10 + (-3 - -2 - -7) + 66 + -89.
-27
Evaluate -7 - -22 - 26 - (2 - 6).
-7
What is (-12 + -6 - -13) + (2 - 0)?
-3
(-76 - -22) + (15 - 3) + 14
-28
Evaluate 20 + 6 + 6 + -25.
7
What is (1 + -1 + 2 - (-59 - -65)) + 6?
2
What is -2 - (-3 - -2) - (18 - (21 + -25))?
-23
Calculate (-37 - -10) + -83 + 83.
-27
What is 2 - (-12 + -6 - -15)?
5
What is the value of -8 + (0 - -1) + -20 + (38 - 13)?
-2
Evaluate (8 - 2) + -9 + -3 - -2.
-4
Calculate 11 + -4 + 6 - 5 - (-11 + 0).
19
Calculate -10 + 9 - (-5 - -3 - -2 - 14).
13
Evaluate (-3 - -2) + -4 + 1 + 7.
3
What is 21 - ((13 - -5) + -6)?
9
Calculate 9 - (-2 + (5 - -13)).
-7
Calculate -203 - -208 - (-1 + -11).
17
Evaluate -9 + (1 + 5 - 2).
-5
Calculate 2 + 2 - (-51 + 7 - -27).
21
(2 - (-10 + -9 + 20)) + -6
-5
Calculate -3 + -2 - (-15 - -11) - -19.
18
Calculate (-5 + (1 - 11) - -30) + -10.
5
Evaluate 6 + 1 - (-1 - ((26 - 13) + -45)).
-24
2 - (-13 + 5 + 8)
2
What is 11 - (28 + 13 + -26)?
-4
What is 6 + (0 - (-2 + -1)) + (-70 - -90)?
29
What is 7 + -8 - (3 + 3 + -4 + 3)?
-6
Calculate 5 + (-43 - -35) + (1 - (2 - 15)).
11
What is 8 - (10 + (-1 - 6 - (1 + -4)))?
2
Evaluate 4 - (8 + -2 + 6 + -14).
6
What is (14 - (-22 + 52)) + -1?
-17
7 + -15 - (-12 + (0 - 1))
5
((-1 - -7 - -3) + -17 - -9) + -7
-6
-3 + -1 - (18 + -11 - -12)
-23
What is (38 - -17 - 45) + 1 + 5?
16
Calculate (-16 - -38) + -17 - (2 - -29).
-26
What is -4 - (-1 - 5 - -3) - -4?
3
Evaluate (7 - 6) + (-1 - 2) + 0 + 9.
7
Evaluate 6 - ((26 - 5) + 4) - (1 - -1).
-21
16 + 0 + (-140 - -132)
8
Calculate 6 - ((-4 - (-4 - 24)) + 0 - 4).
-14
(-77 - -89) + 27 + -2 + 1 + -3
35
2776 - 2772 - (1 - -2 - -2 - 2)
1
What is (0 + 14 